2, 7, 1931357
What are the prime factors of 10781260?
2, 5, 7, 53, 1453
List the prime factors of 710539.
23, 30893
What are the prime factors of 326909?
11, 113, 263
List the prime factors of 280176.
2, 3, 13, 449
What are the prime factors of 17749?
17749
What are the prime factors of 280222?
2, 140111
What are the prime factors of 3612825?
3, 5, 16057
List the prime factors of 33962.
2, 16981
List the prime factors of 4255055.
5, 7, 61, 1993
List the prime factors of 136881.
3, 67, 227
What are the prime factors of 176410?
2, 5, 13, 23, 59
List the prime factors of 2898111.
3, 83, 103, 113
What are the prime factors of 1003758?
2, 3, 7, 23899
List the prime factors of 8906166.
2, 3, 131, 1259
What are the prime factors of 28898768?
2, 41, 44053
What are the prime factors of 564336?
2, 3, 3919
What are the prime factors of 1252832?
2, 7, 17, 47
List the prime factors of 18411132.
2, 3, 23, 41, 1627
What are the prime factors of 543022?
2, 61, 4451
List the prime factors of 128318.
2, 83, 773
List the prime factors of 1524602.
2, 401, 1901
List the prime factors of 7288690.
2, 5, 728869
What are the prime factors of 1253004?
2, 3, 104417
What are the prime factors of 180644?
2, 45161
What are the prime factors of 485139?
3, 23, 79, 89
What are the prime factors of 144282?
2, 3, 139, 173
List the prime factors of 145231.
17, 8543
List the prime factors of 1449805.
5, 7, 23, 1801
What are the prime factors of 22710709?
7, 83, 39089
List the prime factors of 1115047.
17, 107, 613
What are the prime factors of 980799?
3, 19, 17207
What are the prime factors of 2165115?
3, 5, 144341
List the prime factors of 783806.
2, 391903
List the prime factors of 2326460.
2, 5, 89, 1307
List the prime factors of 2959559.
2959559
What are the prime factors of 60909?
3, 79, 257
List the prime factors of 355678.
2, 177839
What are the prime factors of 4136982?
2, 3, 41, 67, 251
List the prime factors of 34373.
37, 929
What are the prime factors of 7782328?
2, 17, 57223
List the prime factors of 26208.
2, 3, 7, 13
List the prime factors of 13904283.
3, 17, 337, 809
What are the prime factors of 694130?
2, 5, 41, 1693
List the prime factors of 22007323.
13, 1692871
What are the prime factors of 4273248?
2, 3, 7, 6359
List the prime factors of 14169696.
2, 3, 67, 2203
List the prime factors of 4622541.
3, 7, 11, 20011
What are the prime factors of 290497?
290497
List the prime factors of 21966795.
3, 5, 73, 743
List the prime factors of 236764.
2, 11, 5381
List the prime factors of 9873746.
2, 29, 37, 43, 107
List the prime factors of 7203885.
3, 5, 13, 36943
What are the prime factors of 146370?
2, 3, 5, 7, 17, 41
What are the prime factors of 1319109?
3, 11, 71, 563
List the prime factors of 4116603.
3, 109, 12589
List the prime factors of 11163775.
5, 7, 63793
What are the prime factors of 253411?
211, 1201
What are the prime factors of 2756257?
7, 43, 9157
List the prime factors of 79741.
23, 3467
What are the prime factors of 18737307?
3, 2081923
List the prime factors of 116201.
116201
List the prime factors of 2587073.
2587073
List the prime factors of 160072.
2, 11, 17, 107
List the prime factors of 332668.
2, 7, 109
What are the prime factors of 21570033?
3, 743, 9677
What are the prime factors of 406400?
2, 5, 127
What are the prime factors of 1588764?
2, 3, 43, 3079
List the prime factors of 258876.
2, 3, 17, 47
List the prime factors of 5849327.
11, 283, 1879
List the prime factors of 208464.
2, 3, 43, 101
List the prime factors of 722789.
17, 41, 61
List the prime factors of 5143336.
2, 11, 211, 277
What are the prime factors of 28440209?
7, 1979, 2053
List the prime factors of 569189.
569189
What are the prime factors of 10067970?
2, 3, 5, 11, 30509
What are the prime factors of 1616186?
2, 11, 13, 5651
What are the prime factors of 4670573?
4670573
What are the prime factors of 17696786?
2, 29, 463, 659
What are the prime factors of 266800?
2, 5, 23, 29
List the prime factors of 7058407.
43, 164149
What are the prime factors of 884596?
2, 37, 43, 139
What are the prime factors of 135449?
135449
What are the prime factors of 2374278?
2, 3, 19, 59, 353
What are the prime factors of 31848?
2, 3, 1327
What are the prime factors of 327307?
327307
What are the prime factors of 10116904?
2, 7, 17, 10627
List the prime factors of 2389383.
3, 19, 89, 157
List the prime factors of 2470905.
3, 5, 6101
List the prime factors of 129907.
37, 3511
What are the prime factors of 1816839?
3, 23, 67, 131
What are the prime factors of 1711916?
2, 37, 43, 269
What are the prime factors of 2642975?
5, 71, 1489
List the prime factors of 478132.
2, 119533
List the prime factors of 9233376.
2, 3, 96181
List the prime factors of 2159825.
5, 19, 4547
What are the prime factors of 250083?
3, 37, 751
List the prime factors of 186388.
2, 17, 2741
What are the prime factors of 3539909?
19, 186311
List the prime factors of 3818343.
3, 29, 43889
List the prime factors of 1011308.
2, 252827
What are the prime factors of 238596?
2, 3, 59, 337
What are the prime factors of 266685?
3, 5, 23, 773
List the prime factors of 543969.
3, 20147
What are the prime factors of 556424?
2, 11, 6323
What are the prime factors of 25951110?
2, 3, 5, 67, 12911
What are the prime factors of 4259096?
2, 157, 3391
What are the prime factors of 10090832?
2, 630677
What are the prime factors of 159463?
159463
What are the prime factors of 490015?
5, 23, 4261
What are the prime factors of 1743594?
2, 3, 53, 5483
What are the prime factors of 4863023?
11, 433, 1021
What are the prime factors of 47202?
2, 3, 7867
What are the prime factors of 248697?
3, 61, 151
What are the prime factors of 214814?
2, 19, 5653
What are the prime factors of 18414709?
193, 95413
What are the prime factors of 948851?
29, 32719
What are the prime factors of 121904?
2, 19, 401
List the prime factors of 2125310.
2, 5, 11, 139
List the prime factors of 38085.
3, 5, 2539
What are the prime factors of 275783?
275783
List the prime factors of 245870.
2, 5, 23, 1069
List the prime factors of 2268908.
2, 193, 2939
What are the prime factors of 27351377?
27351377
What are the prime factors of 2868184?
2, 11, 2963
List the prime factors of 4377947.
7, 311, 2011
What are the prime factors of 1419742?
2, 709871
List the prime factors of 932393.
7, 11, 12109
List the prime factors of 243778.
2, 121889
What are the prime factors of 62097?
3, 7, 2957
List the prime factors of 297497.
61, 4877
What are the prime factors of 106093?
13, 8161
What are the prime factors of 4209980?
2, 5, 210499
What are the prime factors of 8424482?
2, 11, 167, 2293
What are the prime factors of 1416517?
271, 5227
What are the prime factors of 4097460?
2, 3, 5, 47, 1453
List the prime factors of 1879757.
11, 170887
What are the prime factors of 17172174?
2, 3, 373, 7673
List the prime factors of 266446.
2, 127, 1049
What are the prime factors of 4066931?
11, 19, 29, 61
What are the prime factors of 992292?
2, 3, 7, 11813
What are the prime factors of 181680?
2, 3, 5, 757
List the prime factors of 15827812.
2, 7, 11, 13, 59, 67
List the prime factors of 33645.
3, 5, 2243
List the prime factors of 6948409.
13, 181, 2953
List the prime factors of 2778452.
2, 47, 14779
List the prime factors of 215136.
2, 3, 83
List the prime factors of 574605.
3, 5, 113
List the prime factors of 4751716.
2, 73, 16273
List the prime factors of 13616368.
2, 23, 163, 227
What are the prime factors of 39749?
39749
What are the prime factors of 80716?
2, 17, 1187
List the prime factors of 4701758.
2, 17, 61, 2267
List the prime factors of 470667.
3, 151, 1039
What are the prime factors of 3697930?
2, 5, 369793
What are the prime factors of 13072939?
11, 29, 107, 383
List the prime factors of 59837.
53, 1129
List the prime factors of 9588226.
2, 43, 111491
What are the prime factors of 101379?
3, 47, 719
List the prime factors of 243401.
243401
What are the prime factors of 10566271?
541, 19531
What are the prime factors of 39286377?
3, 13, 37309
What are the prime factors of 96819?
3, 59, 547
What are the prime factors of 346537?
43, 8059
What are the prime factors of 311982?
2, 3, 11, 29, 163
What are the prime factors of 7784846?
2, 127, 30649
What are the prime factors of 127525?
5, 